{"id":256,"date":"2019-09-27T08:42:28","date_gmt":"2019-09-27T08:42:28","guid":{"rendered":"http:\/\/lebe-was-du-bist.dr-kunczik.de\/?page_id=256"},"modified":"2026-01-25T10:18:30","modified_gmt":"2026-01-25T10:18:30","slug":"aktuell","status":"publish","type":"page","link":"http:\/\/lebe-was-du-bist.dr-kunczik.de\/?page_id=256","title":{"rendered":"Aktuell"},"content":{"rendered":"\n<figure class=\"wp-block-image size-full\"><img fetchpriority=\"high\" decoding=\"async\" width=\"386\" height=\"386\" src=\"http:\/\/lebe-was-du-bist.dr-kunczik.de\/wp-content\/uploads\/2025\/01\/image-1.png\" alt=\"\" class=\"wp-image-663\" srcset=\"http:\/\/lebe-was-du-bist.dr-kunczik.de\/wp-content\/uploads\/2025\/01\/image-1.png 386w, http:\/\/lebe-was-du-bist.dr-kunczik.de\/wp-content\/uploads\/2025\/01\/image-1-300x300.png 300w, http:\/\/lebe-was-du-bist.dr-kunczik.de\/wp-content\/uploads\/2025\/01\/image-1-150x150.png 150w, http:\/\/lebe-was-du-bist.dr-kunczik.de\/wp-content\/uploads\/2025\/01\/image-1-100x100.png 100w\" sizes=\"(max-width: 386px) 100vw, 386px\" \/><\/figure>\n\n\n\n<h2 class=\"wp-block-heading\"> <strong>Herzkoh\u00e4renz Meditation<\/strong><\/h2>\n\n\n\n<p>In allen spirituellen Traditionen wird dem Herz so etwas wie das Tor zur Seele zugeschrieben. Neuere wissenschaftliche Erkenntnisse zeigen, dass dies weit mehr als ein poetisches Bild ist. Unser Herz. sendet Signale ans Gehirn und beeinflusst unser Autonomes Nervensystem. Dabei ist es wichtig auf welcher Frequenz unser Herz sendet. Messungen zeigen, dass das Herzrhythmusmuster bei Stress und negativen Emotionen unregelm\u00e4\u00dfig bis chaotisch ist. &nbsp;Wenn wir positive Emotionen wie Dankbarkeit, Mitgef\u00fchl und Frieden empfinden, entsteht bei Messungen ein gleichm\u00e4\u00dfiges Herzrhythmusmuster, was als Herzkoh\u00e4renz bezeichnet wird. Es ist wissenschaftlich belegt, dass sich Herzkoh\u00e4renz positiv auf emotionale Intelligenz, Stressbew\u00e4ltigung, Blutdruck, Immunsystem, Konzentrationsf\u00e4higkeit u.v.m. auswirkt, aber auch positiv in unsere Umgebung ausstrahlt. Herzkoh\u00e4renz kann trainiert werden, indem man sich auf das Herzenergiezentrum und ein positives Gef\u00fchl konzentriert und den Atem verlangsamt. Damit bringen wir unser eigenes Herz in Balance und k\u00f6nnen positive Schwingungen in unserer Umwelt verbreiten.<\/p>\n\n\n\n<p><strong>Jeden Sonntag um 10Uhr biete ich eine Herzkoh\u00e4renz Meditation online an.<\/strong> Link telefonisch oder per eMail erfragen (0221-28275844, mariammeyer@t-online.de)<\/p>\n\n\n\n<p><strong>Pr\u00e4senztermine in K\u00f6ln-Lindenthal:  <\/strong><strong> 2.2. und 2.3.26  um 19 Uhr<\/strong> <\/p>\n\n\n\n<p>  Um Anmeldung bis zum Vortag wird gebeten.<\/p>\n\n\n\n<p><strong>auf Spendenbasis<\/strong><\/p>\n\n\n\n<p><strong>&nbsp;&nbsp;&nbsp;&nbsp;&nbsp;&nbsp;&nbsp;&nbsp;&nbsp;&nbsp;&nbsp;&nbsp;&nbsp;&nbsp;&nbsp;&nbsp;&nbsp;&nbsp;&nbsp;&nbsp;&nbsp;&nbsp;&nbsp;&nbsp;<\/strong><\/p>\n\n\n\n<p><\/p>\n\n\n\n<p><\/p>\n\n\n\n<p><\/p>\n\n\n\n<p>&nbsp;&nbsp;&nbsp;&nbsp;&nbsp;&nbsp;&nbsp;&nbsp;&nbsp;&nbsp;&nbsp;&nbsp;&nbsp;&nbsp;&nbsp;&nbsp;&nbsp;&nbsp;&nbsp;&nbsp;&nbsp;&nbsp;&nbsp;&nbsp;&nbsp;&nbsp;&nbsp;&nbsp;&nbsp;&nbsp;&nbsp;&nbsp;&nbsp;&nbsp;&nbsp;&nbsp;&nbsp;&nbsp;&nbsp;<\/p>\n","protected":false},"excerpt":{"rendered":"<p>Herzkoh\u00e4renz Meditation In allen spirituellen Traditionen wird dem Herz so etwas wie das Tor zur Seele zugeschrieben. Neuere wissenschaftliche Erkenntnisse zeigen, dass dies weit mehr als ein poetisches Bild ist. Unser Herz. sendet Signale ans Gehirn und beeinflusst unser Autonomes Nervensystem. Dabei ist es wichtig auf welcher Frequenz unser Herz sendet. Messungen zeigen, dass das &hellip; <\/p>\n<p class=\"link-more\"><a href=\"http:\/\/lebe-was-du-bist.dr-kunczik.de\/?page_id=256\" class=\"more-link\"><span class=\"screen-reader-text\">\u201eAktuell\u201c<\/span> weiterlesen<\/a><\/p>\n","protected":false},"author":1,"featured_media":0,"parent":0,"menu_order":0,"comment_status":"closed","ping_status":"closed","template":"","meta":{"footnotes":""},"_links":{"self":[{"href":"http:\/\/lebe-was-du-bist.dr-kunczik.de\/index.php?rest_route=\/wp\/v2\/pages\/256"}],"collection":[{"href":"http:\/\/lebe-was-du-bist.dr-kunczik.de\/index.php?rest_route=\/wp\/v2\/pages"}],"about":[{"href":"http:\/\/lebe-was-du-bist.dr-kunczik.de\/index.php?rest_route=\/wp\/v2\/types\/page"}],"author":[{"embeddable":true,"href":"http:\/\/lebe-was-du-bist.dr-kunczik.de\/index.php?rest_route=\/wp\/v2\/users\/1"}],"replies":[{"embeddable":true,"href":"http:\/\/lebe-was-du-bist.dr-kunczik.de\/index.php?rest_route=%2Fwp%2Fv2%2Fcomments&post=256"}],"version-history":[{"count":45,"href":"http:\/\/lebe-was-du-bist.dr-kunczik.de\/index.php?rest_route=\/wp\/v2\/pages\/256\/revisions"}],"predecessor-version":[{"id":678,"href":"http:\/\/lebe-was-du-bist.dr-kunczik.de\/index.php?rest_route=\/wp\/v2\/pages\/256\/revisions\/678"}],"wp:attachment":[{"href":"http:\/\/lebe-was-du-bist.dr-kunczik.de\/index.php?rest_route=%2Fwp%2Fv2%2Fmedia&parent=256"}],"curies":[{"name":"wp","href":"https:\/\/api.w.org\/{rel}","templated":true}]}}