{"id":275,"date":"2019-10-02T19:31:17","date_gmt":"2019-10-02T19:31:17","guid":{"rendered":"http:\/\/lebe-was-du-bist.dr-kunczik.de\/?page_id=275"},"modified":"2019-10-04T16:06:02","modified_gmt":"2019-10-04T16:06:02","slug":"impressum-und-datenschutz","status":"publish","type":"page","link":"http:\/\/lebe-was-du-bist.dr-kunczik.de\/?page_id=275","title":{"rendered":"Impressum und Datenschutz"},"content":{"rendered":"\n<p><strong>Impressum<\/strong>: Maria Meyer, Ernst-Wilhelm-Nay-Str. 5, 50935 K\u00f6ln, Tel. 0221\/28275844, mariammeyer@t-online.de<\/p>\n\n\n\n<p><strong>Datenschutzerkl\u00e4rung<\/strong><\/p>\n\n\n\n<p>Ich freue mich \u00fcber Ihr Interesse an\nmeiner Website.<\/p>\n\n\n\n<p>Datenschutz hat einen besonders hohen\nStellenwert f\u00fcr mich. Eine Nutzung dieser Internetseiten ist grunds\u00e4tzlich ohne\njede Angabe personenbezogener Daten m\u00f6glich. Sofern eine betroffene Person\nbesondere Services \u00fcber meine Internetseite in Anspruch nehmen m\u00f6chte, k\u00f6nnte\njedoch eine Verarbeitung personenbezogener Daten erforderlich werden. Ist die\nVerarbeitung personenbezogener Daten erforderlich und besteht f\u00fcr eine solche\nVerarbeitung keine gesetzliche Grundlage, hole ich generell eine Einwilligung\nder betroffenen Person ein.<\/p>\n\n\n\n<p>Die Verarbeitung personenbezogener Daten,\nbeispielsweise des Namens, der Anschrift, E-Mail-Adresse oder Telefonnummer\neiner betroffenen Person, erfolgt stets im Einklang mit der\nDatenschutz-Grundverordnung und in \u00dcbereinstimmung mit den geltenden\nlandesspezifischen Datenschutzbestimmungen. Mittels dieser Datenschutzerkl\u00e4rung\nm\u00f6chte ich die \u00d6ffentlichkeit \u00fcber Art, Umfang und Zweck der von mir erhobenen,\ngenutzten und verarbeiteten personenbezogenen Daten informieren. Ferner werden\nbetroffene Personen mittels dieser Datenschutzerkl\u00e4rung \u00fcber die ihnen\nzustehenden Rechte aufgekl\u00e4rt.<\/p>\n\n\n\n<p>Maria Meyer hat als f\u00fcr die Verarbeitung\nVerantwortliche zahlreiche technische und organisatorische Ma\u00dfnahmen umgesetzt,\num einen m\u00f6glichst l\u00fcckenlosen Schutz der \u00fcber diese Internetseite\nverarbeiteten personenbezogenen Daten sicherzustellen. Dennoch k\u00f6nnen\nInternetbasierte Daten\u00fcbertragungen grunds\u00e4tzlich Sicherheitsl\u00fccken aufweisen,\nsodass ein absoluter Schutz nicht gew\u00e4hrleistet werden kann. Aus diesem Grund\nsteht es jeder betroffenen Person frei, personenbezogene Daten auch auf\nalternativen Wegen, beispielsweise telefonisch, an uns zu \u00fcbermitteln.<\/p>\n\n\n\n<p><strong>1. Begriffsbestimmungen<\/strong><\/p>\n\n\n\n<p>Diese Datenschutzerkl\u00e4rung &nbsp;beruht auf den Begrifflichkeiten, die durch\nden Europ\u00e4ischen Richtlinien- und Verordnungsgeber beim Erlass der\nDatenschutz-Grundverordnung (DS-GVO) verwendet wurden. Meine\nDatenschutzerkl\u00e4rung soll sowohl f\u00fcr die \u00d6ffentlichkeit als auch f\u00fcr unsere\nKunden und Gesch\u00e4ftspartner einfach lesbar und verst\u00e4ndlich sein. Um dies zu\ngew\u00e4hrleisten, m\u00f6chten wir vorab die verwendeten Begrifflichkeiten erl\u00e4utern.<\/p>\n\n\n\n<p>Wir verwenden in dieser\nDatenschutzerkl\u00e4rung unter anderem die folgenden Begriffe:&nbsp;<\/p>\n\n\n\n<p>&nbsp;a) personenbezogene Daten<\/p>\n\n\n\n<p>Personenbezogene Daten sind alle\nInformationen, die sich auf eine identifizierte oder identifizierbare\nnat\u00fcrliche Person (im Folgenden betroffene Person) beziehen. Als\nidentifizierbar wird eine nat\u00fcrliche Person angesehen, die direkt oder\nindirekt, insbesondere mittels Zuordnung zu einer Kennung wie einem Namen, zu\neiner Kennnummer, zu Standortdaten, zu einer Online-Kennung oder zu einem oder\nmehreren besonderen Merkmalen, die Ausdruck der physischen, physiologischen,\ngenetischen, psychischen, wirtschaftlichen, kulturellen oder sozialen Identit\u00e4t\ndieser nat\u00fcrlichen Person sind, identifiziert werden kann.<\/p>\n\n\n\n<p>&nbsp;&nbsp; b) betroffene Person<\/p>\n\n\n\n<p>Betroffene Person ist jede identifizierte\noder identifizierbare nat\u00fcrliche Person, deren personenbezogene Daten von dem\nf\u00fcr die Verarbeitung Verantwortlichen verarbeitet werden.<\/p>\n\n\n\n<p>&nbsp;&nbsp;&nbsp;&nbsp; c) Verarbeitung<\/p>\n\n\n\n<p>&nbsp;Verarbeitung ist jeder mit oder ohne\nHilfe automatisierter Verfahren ausgef\u00fchrte Vorgang oder jede solche\nVorgangsreihe im Zusammenhang mit personenbezogenen Daten wie das Erheben, das\nErfassen, die Organisation, das Ordnen, die Speicherung, die Anpassung oder\nVer\u00e4nderung, das Auslesen, das Abfragen, die Verwendung, die Offenlegung durch\n\u00dcbermittlung, Verbreitung oder eine andere Form der Bereitstellung, den Abgleich\noder die Verkn\u00fcpfung, die Einschr\u00e4nkung, das L\u00f6schen oder die Vernichtung.<\/p>\n\n\n\n<p>&nbsp;&nbsp;d) Einschr\u00e4nkung der\nVerarbeitung<\/p>\n\n\n\n<p>Einschr\u00e4nkung der Verarbeitung ist die\nMarkierung gespeicherter personenbezogener Daten mit dem Ziel, ihre k\u00fcnftige\nVerarbeitung einzuschr\u00e4nken.<\/p>\n\n\n\n<p>&nbsp;&nbsp; e) Profiling<\/p>\n\n\n\n<p>Profiling ist jede Art der automatisierten\nVerarbeitung personenbezogener Daten, die darin besteht, dass diese\npersonenbezogenen Daten verwendet werden, um bestimmte pers\u00f6nliche Aspekte, die\nsich auf eine nat\u00fcrliche Person beziehen, zu bewerten, insbesondere, um Aspekte\nbez\u00fcglich Arbeitsleistung, wirtschaftlicher Lage, Gesundheit, pers\u00f6nlicher\nVorlieben, Interessen, Zuverl\u00e4ssigkeit, Verhalten, Aufenthaltsort oder\nOrtswechsel dieser nat\u00fcrlichen Person zu analysieren oder vorherzusagen.<\/p>\n\n\n\n<p>&nbsp;&nbsp; f) Pseudonymisierung<\/p>\n\n\n\n<p>Pseudonymisierung ist die Verarbeitung\npersonenbezogener Daten in einer Weise, auf welche die personenbezogenen Daten\nohne Hinzuziehung zus\u00e4tzlicher Informationen nicht mehr einer spezifischen\nbetroffenen Person zugeordnet werden k\u00f6nnen, sofern diese zus\u00e4tzlichen\nInformationen gesondert aufbewahrt werden und technischen und organisatorischen\nMa\u00dfnahmen unterliegen, die gew\u00e4hrleisten, dass die personenbezogenen Daten\nnicht einer identifizierten oder identifizierbaren nat\u00fcrlichen Person zugewiesen\nwerden.<\/p>\n\n\n\n<p>&nbsp;&nbsp; g) Verantwortlicher oder f\u00fcr\ndie Verarbeitung Verantwortlicher<\/p>\n\n\n\n<p>&nbsp;Verantwortlicher oder f\u00fcr die\nVerarbeitung Verantwortlicher ist die nat\u00fcrliche oder juristische Person,\nBeh\u00f6rde, Einrichtung oder andere Stelle, die allein oder gemeinsam mit anderen\n\u00fcber die Zwecke und Mittel der Verarbeitung von personenbezogenen Daten\nentscheidet. Sind die Zwecke und Mittel dieser Verarbeitung durch das\nUnionsrecht oder das Recht der Mitgliedstaaten vorgegeben, so kann der\nVerantwortliche beziehungsweise k\u00f6nnen die bestimmten Kriterien seiner\nBenennung nach dem Unionsrecht oder dem Recht der Mitgliedstaaten vorgesehen\nwerden.<\/p>\n\n\n\n<p>&nbsp;&nbsp;&nbsp; h) Auftragsverarbeiter<\/p>\n\n\n\n<p>Auftragsverarbeiter ist eine nat\u00fcrliche\noder juristische Person, Beh\u00f6rde, Einrichtung oder andere Stelle, die\npersonenbezogene Daten im Auftrag des Verantwortlichen verarbeitet.<\/p>\n\n\n\n<p>&nbsp;&nbsp; i) Empf\u00e4nger<\/p>\n\n\n\n<p>Empf\u00e4nger ist eine nat\u00fcrliche oder\njuristische Person, Beh\u00f6rde, Einrichtung oder andere Stelle, der\npersonenbezogene Daten offengelegt werden, unabh\u00e4ngig davon, ob es sich bei ihr\num einen Dritten handelt oder nicht. Beh\u00f6rden, die im Rahmen eines bestimmten\nUntersuchungsauftrags nach dem Unionsrecht oder dem Recht der Mitgliedstaaten\nm\u00f6glicherweise personenbezogene Daten erhalten, gelten jedoch nicht als\nEmpf\u00e4nger.<\/p>\n\n\n\n<p>&nbsp;&nbsp;&nbsp;&nbsp; j) Dritter<\/p>\n\n\n\n<p>Dritter ist eine nat\u00fcrliche oder\njuristische Person, Beh\u00f6rde, Einrichtung oder andere Stelle au\u00dfer der\nbetroffenen Person, dem Verantwortlichen, dem Auftragsverarbeiter und den\nPersonen, die unter der unmittelbaren Verantwortung des Verantwortlichen oder\ndes Auftragsverarbeiters befugt sind, die personenbezogenen Daten zu\nverarbeiten.<\/p>\n\n\n\n<p>&nbsp;&nbsp;&nbsp; k) Einwilligung<\/p>\n\n\n\n<p>Einwilligung ist jede von der betroffenen\nPerson freiwillig f\u00fcr den bestimmten Fall in informierter Weise und\nunmissverst\u00e4ndlich abgegebene Willensbekundung in Form einer Erkl\u00e4rung oder\neiner sonstigen eindeutigen best\u00e4tigenden Handlung, mit der die betroffene\nPerson zu verstehen gibt, dass sie mit der Verarbeitung der sie betreffenden\npersonenbezogenen Daten einverstanden ist.<\/p>\n\n\n\n<p><strong>2. Name und Anschrift des f\u00fcr die\nVerarbeitung Verantwortlichen<\/strong><\/p>\n\n\n\n<p>Verantwortliche im Sinne der\nDatenschutz-Grundverordnung, sonstiger in den Mitgliedstaaten der Europ\u00e4ischen\nUnion geltenden Datenschutzgesetze und anderer Bestimmungen mit\ndatenschutzrechtlichem Charakter ist die:<\/p>\n\n\n\n<p>&nbsp;Maria Meyer, Ernst-Wilhelm-Nay-Str.5, 50935 K\u00f6ln; Deutschland<\/p>\n\n\n\n<p><\/p>\n\n\n\n<p><\/p>\n\n\n\n<p><\/p>\n","protected":false},"excerpt":{"rendered":"<p>Impressum: Maria Meyer, Ernst-Wilhelm-Nay-Str. 5, 50935 K\u00f6ln, Tel. 0221\/28275844, mariammeyer@t-online.de Datenschutzerkl\u00e4rung Ich freue mich \u00fcber Ihr Interesse an meiner Website. Datenschutz hat einen besonders hohen Stellenwert f\u00fcr mich. Eine Nutzung dieser Internetseiten ist grunds\u00e4tzlich ohne jede Angabe personenbezogener Daten m\u00f6glich. Sofern eine betroffene Person besondere Services \u00fcber meine Internetseite in Anspruch nehmen m\u00f6chte, k\u00f6nnte jedoch &hellip; <\/p>\n<p class=\"link-more\"><a href=\"http:\/\/lebe-was-du-bist.dr-kunczik.de\/?page_id=275\" class=\"more-link\"><span class=\"screen-reader-text\">\u201eImpressum und Datenschutz\u201c<\/span> weiterlesen<\/a><\/p>\n","protected":false},"author":1,"featured_media":0,"parent":0,"menu_order":0,"comment_status":"closed","ping_status":"closed","template":"","meta":{"footnotes":""},"_links":{"self":[{"href":"http:\/\/lebe-was-du-bist.dr-kunczik.de\/index.php?rest_route=\/wp\/v2\/pages\/275"}],"collection":[{"href":"http:\/\/lebe-was-du-bist.dr-kunczik.de\/index.php?rest_route=\/wp\/v2\/pages"}],"about":[{"href":"http:\/\/lebe-was-du-bist.dr-kunczik.de\/index.php?rest_route=\/wp\/v2\/types\/page"}],"author":[{"embeddable":true,"href":"http:\/\/lebe-was-du-bist.dr-kunczik.de\/index.php?rest_route=\/wp\/v2\/users\/1"}],"replies":[{"embeddable":true,"href":"http:\/\/lebe-was-du-bist.dr-kunczik.de\/index.php?rest_route=%2Fwp%2Fv2%2Fcomments&post=275"}],"version-history":[{"count":2,"href":"http:\/\/lebe-was-du-bist.dr-kunczik.de\/index.php?rest_route=\/wp\/v2\/pages\/275\/revisions"}],"predecessor-version":[{"id":278,"href":"http:\/\/lebe-was-du-bist.dr-kunczik.de\/index.php?rest_route=\/wp\/v2\/pages\/275\/revisions\/278"}],"wp:attachment":[{"href":"http:\/\/lebe-was-du-bist.dr-kunczik.de\/index.php?rest_route=%2Fwp%2Fv2%2Fmedia&parent=275"}],"curies":[{"name":"wp","href":"https:\/\/api.w.org\/{rel}","templated":true}]}}

<p><strong>Impressum</strong>: Maria Meyer, Ernst-Wilhelm-Nay-Str. 5, 50935 Köln, Tel. 0221/28275844, mariammeyer@t-online.de</p>



<p><strong>Datenschutzerklärung</strong></p>



<p>Ich freue mich über Ihr Interesse an
meiner Website.</p>



<p>Datenschutz hat einen besonders hohen
Stellenwert für mich. Eine Nutzung dieser Internetseiten ist grundsätzlich ohne
jede Angabe personenbezogener Daten möglich. Sofern eine betroffene Person
besondere Services über meine Internetseite in Anspruch nehmen möchte, könnte
jedoch eine Verarbeitung personenbezogener Daten erforderlich werden. Ist die
Verarbeitung personenbezogener Daten erforderlich und besteht für eine solche
Verarbeitung keine gesetzliche Grundlage, hole ich generell eine Einwilligung
der betroffenen Person ein.</p>



<p>Die Verarbeitung personenbezogener Daten,
beispielsweise des Namens, der Anschrift, E-Mail-Adresse oder Telefonnummer
einer betroffenen Person, erfolgt stets im Einklang mit der
Datenschutz-Grundverordnung und in Übereinstimmung mit den geltenden
landesspezifischen Datenschutzbestimmungen. Mittels dieser Datenschutzerklärung
möchte ich die Öffentlichkeit über Art, Umfang und Zweck der von mir erhobenen,
genutzten und verarbeiteten personenbezogenen Daten informieren. Ferner werden
betroffene Personen mittels dieser Datenschutzerklärung über die ihnen
zustehenden Rechte aufgeklärt.</p>



<p>Maria Meyer hat als für die Verarbeitung
Verantwortliche zahlreiche technische und organisatorische Maßnahmen umgesetzt,
um einen möglichst lückenlosen Schutz der über diese Internetseite
verarbeiteten personenbezogenen Daten sicherzustellen. Dennoch können
Internetbasierte Datenübertragungen grundsätzlich Sicherheitslücken aufweisen,
sodass ein absoluter Schutz nicht gewährleistet werden kann. Aus diesem Grund
steht es jeder betroffenen Person frei, personenbezogene Daten auch auf
alternativen Wegen, beispielsweise telefonisch, an uns zu übermitteln.</p>



<p><strong>1. Begriffsbestimmungen</strong></p>



<p>Diese Datenschutzerklärung &nbsp;beruht auf den Begrifflichkeiten, die durch
den Europäischen Richtlinien- und Verordnungsgeber beim Erlass der
Datenschutz-Grundverordnung (DS-GVO) verwendet wurden. Meine
Datenschutzerklärung soll sowohl für die Öffentlichkeit als auch für unsere
Kunden und Geschäftspartner einfach lesbar und verständlich sein. Um dies zu
gewährleisten, möchten wir vorab die verwendeten Begrifflichkeiten erläutern.</p>



<p>Wir verwenden in dieser
Datenschutzerklärung unter anderem die folgenden Begriffe:&nbsp;</p>



<p>&nbsp;a) personenbezogene Daten</p>



<p>Personenbezogene Daten sind alle
Informationen, die sich auf eine identifizierte oder identifizierbare
natürliche Person (im Folgenden betroffene Person) beziehen. Als
identifizierbar wird eine natürliche Person angesehen, die direkt oder
indirekt, insbesondere mittels Zuordnung zu einer Kennung wie einem Namen, zu
einer Kennnummer, zu Standortdaten, zu einer Online-Kennung oder zu einem oder
mehreren besonderen Merkmalen, die Ausdruck der physischen, physiologischen,
genetischen, psychischen, wirtschaftlichen, kulturellen oder sozialen Identität
dieser natürlichen Person sind, identifiziert werden kann.</p>



<p>&nbsp;&nbsp; b) betroffene Person</p>



<p>Betroffene Person ist jede identifizierte
oder identifizierbare natürliche Person, deren personenbezogene Daten von dem
für die Verarbeitung Verantwortlichen verarbeitet werden.</p>



<p>&nbsp;&nbsp;&nbsp;&nbsp; c) Verarbeitung</p>



<p>&nbsp;Verarbeitung ist jeder mit oder ohne
Hilfe automatisierter Verfahren ausgeführte Vorgang oder jede solche
Vorgangsreihe im Zusammenhang mit personenbezogenen Daten wie das Erheben, das
Erfassen, die Organisation, das Ordnen, die Speicherung, die Anpassung oder
Veränderung, das Auslesen, das Abfragen, die Verwendung, die Offenlegung durch
Übermittlung, Verbreitung oder eine andere Form der Bereitstellung, den Abgleich
oder die Verknüpfung, die Einschränkung, das Löschen oder die Vernichtung.</p>



<p>&nbsp;&nbsp;d) Einschränkung der
Verarbeitung</p>



<p>Einschränkung der Verarbeitung ist die
Markierung gespeicherter personenbezogener Daten mit dem Ziel, ihre künftige
Verarbeitung einzuschränken.</p>



<p>&nbsp;&nbsp; e) Profiling</p>



<p>Profiling ist jede Art der automatisierten
Verarbeitung personenbezogener Daten, die darin besteht, dass diese
personenbezogenen Daten verwendet werden, um bestimmte persönliche Aspekte, die
sich auf eine natürliche Person beziehen, zu bewerten, insbesondere, um Aspekte
bezüglich Arbeitsleistung, wirtschaftlicher Lage, Gesundheit, persönlicher
Vorlieben, Interessen, Zuverlässigkeit, Verhalten, Aufenthaltsort oder
Ortswechsel dieser natürlichen Person zu analysieren oder vorherzusagen.</p>



<p>&nbsp;&nbsp; f) Pseudonymisierung</p>



<p>Pseudonymisierung ist die Verarbeitung
personenbezogener Daten in einer Weise, auf welche die personenbezogenen Daten
ohne Hinzuziehung zusätzlicher Informationen nicht mehr einer spezifischen
betroffenen Person zugeordnet werden können, sofern diese zusätzlichen
Informationen gesondert aufbewahrt werden und technischen und organisatorischen
Maßnahmen unterliegen, die gewährleisten, dass die personenbezogenen Daten
nicht einer identifizierten oder identifizierbaren natürlichen Person zugewiesen
werden.</p>



<p>&nbsp;&nbsp; g) Verantwortlicher oder für
die Verarbeitung Verantwortlicher</p>



<p>&nbsp;Verantwortlicher oder für die
Verarbeitung Verantwortlicher ist die natürliche oder juristische Person,
Behörde, Einrichtung oder andere Stelle, die allein oder gemeinsam mit anderen
über die Zwecke und Mittel der Verarbeitung von personenbezogenen Daten
entscheidet. Sind die Zwecke und Mittel dieser Verarbeitung durch das
Unionsrecht oder das Recht der Mitgliedstaaten vorgegeben, so kann der
Verantwortliche beziehungsweise können die bestimmten Kriterien seiner
Benennung nach dem Unionsrecht oder dem Recht der Mitgliedstaaten vorgesehen
werden.</p>



<p>&nbsp;&nbsp;&nbsp; h) Auftragsverarbeiter</p>



<p>Auftragsverarbeiter ist eine natürliche
oder juristische Person, Behörde, Einrichtung oder andere Stelle, die
personenbezogene Daten im Auftrag des Verantwortlichen verarbeitet.</p>



<p>&nbsp;&nbsp; i) Empfänger</p>



<p>Empfänger ist eine natürliche oder
juristische Person, Behörde, Einrichtung oder andere Stelle, der
personenbezogene Daten offengelegt werden, unabhängig davon, ob es sich bei ihr
um einen Dritten handelt oder nicht. Behörden, die im Rahmen eines bestimmten
Untersuchungsauftrags nach dem Unionsrecht oder dem Recht der Mitgliedstaaten
möglicherweise personenbezogene Daten erhalten, gelten jedoch nicht als
Empfänger.</p>



<p>&nbsp;&nbsp;&nbsp;&nbsp; j) Dritter</p>



<p>Dritter ist eine natürliche oder
juristische Person, Behörde, Einrichtung oder andere Stelle außer der
betroffenen Person, dem Verantwortlichen, dem Auftragsverarbeiter und den
Personen, die unter der unmittelbaren Verantwortung des Verantwortlichen oder
des Auftragsverarbeiters befugt sind, die personenbezogenen Daten zu
verarbeiten.</p>



<p>&nbsp;&nbsp;&nbsp; k) Einwilligung</p>



<p>Einwilligung ist jede von der betroffenen
Person freiwillig für den bestimmten Fall in informierter Weise und
unmissverständlich abgegebene Willensbekundung in Form einer Erklärung oder
einer sonstigen eindeutigen bestätigenden Handlung, mit der die betroffene
Person zu verstehen gibt, dass sie mit der Verarbeitung der sie betreffenden
personenbezogenen Daten einverstanden ist.</p>



<p><strong>2. Name und Anschrift des für die
Verarbeitung Verantwortlichen</strong></p>



<p>Verantwortliche im Sinne der
Datenschutz-Grundverordnung, sonstiger in den Mitgliedstaaten der Europäischen
Union geltenden Datenschutzgesetze und anderer Bestimmungen mit
datenschutzrechtlichem Charakter ist die:</p>



<p>&nbsp;Maria Meyer, Ernst-Wilhelm-Nay-Str.5, 50935 Köln; Deutschland</p>



<p></p>



<p></p>



<p></p>

<p>Impressum: Maria Meyer, Ernst-Wilhelm-Nay-Str. 5, 50935 Köln, Tel. 0221/28275844, mariammeyer@t-online.de Datenschutzerklärung Ich freue mich über Ihr Interesse an meiner Website. Datenschutz hat einen besonders hohen Stellenwert für mich. Eine Nutzung dieser Internetseiten ist grundsätzlich ohne jede Angabe personenbezogener Daten möglich. Sofern eine betroffene Person besondere Services über meine Internetseite in Anspruch nehmen möchte, könnte jedoch &hellip; </p>
<p class="link-more"><a href="http://lebe-was-du-bist.dr-kunczik.de/?page_id=275" class="more-link"><span class="screen-reader-text">„Impressum und Datenschutz“</span> weiterlesen</a></p>
