{"id":82,"date":"2019-09-23T19:37:25","date_gmt":"2019-09-23T19:37:25","guid":{"rendered":"http:\/\/lebe-was-du-bist.dr-kunczik.de\/?page_id=82"},"modified":"2022-04-28T19:24:11","modified_gmt":"2022-04-28T19:24:11","slug":"ueber-mich","status":"publish","type":"page","link":"http:\/\/lebe-was-du-bist.dr-kunczik.de\/?page_id=82","title":{"rendered":"\u00dcber mich"},"content":{"rendered":"\n<p>Ich bin Jahrgang 1953 und habe bis zu meiner Pensionierung 40 Jahre als Lehrerin im staatlichen Schuldienst \u00a0gearbeitet. Seit Ende der 80er Jahre absolvierte ich viele verschiedene Seminare und Ausbildungen im psycho-spirituellen Bereich. Seit 1994 arbeite ich nebenberuflich\u00a0 mit Menschen in Einzelsitzungen und Kleingruppen. Au\u00dferdem habe ich durch sehr h\u00e4ufige Assistenz in verschiedenen Seminaren in diesem Bereich wertvolle Erfahrungen f\u00fcr die Begleitung von Menschen in ihren Wachstumsprozessen sammeln k\u00f6nnen.<\/p>\n\n\n\n<figure class=\"wp-block-image is-resized\"><img fetchpriority=\"high\" decoding=\"async\" src=\"http:\/\/lebe-was-du-bist.dr-kunczik.de\/wp-content\/uploads\/2019\/09\/janzens-0947-906x1024.jpg\" alt=\"\" class=\"wp-image-271\" width=\"245\" height=\"276\" srcset=\"http:\/\/lebe-was-du-bist.dr-kunczik.de\/wp-content\/uploads\/2019\/09\/janzens-0947-906x1024.jpg 906w, http:\/\/lebe-was-du-bist.dr-kunczik.de\/wp-content\/uploads\/2019\/09\/janzens-0947-265x300.jpg 265w, http:\/\/lebe-was-du-bist.dr-kunczik.de\/wp-content\/uploads\/2019\/09\/janzens-0947-768x868.jpg 768w\" sizes=\"(max-width: 245px) 100vw, 245px\" \/><\/figure>\n\n\n\n<p><strong>Ausbildungen<\/strong><\/p>\n\n\n\n<ul><li>Reiki\u00a0 I und II \u00a0nach dem USUI-System (1989 und 1990)<\/li><li>R\u00fcckf\u00fchrungen und Clearings bei Rhea Powers und Gawain Bantle ((1991 -1992)<\/li><li>Rebirthing bei Bernd Schr\u00f6der (1993 -1994)<\/li><li>Aura Soma,\u00a0 Foundation und Intermediate Course (1995)<\/li><li>Hypnotherapie und Hypno Coaching\u00a0 bei\u00a0 Jim Peal\u00a0 \/ \u00a0Healing Arts Institute (1996, 1999 und 2004)<\/li><li>DGAM Gesundheitspraktikerin (1999) <\/li><li>Psychologische Beraterin \u2013 Schule f\u00fcr freie Gesundheitsberufe, Wuppertal (2005 bis 2006)<\/li><li>EFT Level 1 und 2 bei Marion Dell (2006 und 2007)<\/li><li>Prana Healing 1 bei Master Sai Choletti (2013)<\/li><li>Trance Dance Presenter \u00a0Training \u00a0bei Veit Lindau (2016)<\/li><li>Heilen mit der Geistigen Welt bei Bahar Yilmaz und Jeffrey Kastenm\u00fcller (2018)<\/li><li>Transformationscoach und Essenztrainerin bei Gerd Bodhi Ziegler\/Neuland &#8211; Bewusstseins-und Lebensschule\u00a0 (2018 \u2013 2021)<\/li><li>Tarotberaterin bei Gerd Bodhi Ziegler (2021)<\/li><\/ul>\n","protected":false},"excerpt":{"rendered":"<p>Ich bin Jahrgang 1953 und habe bis zu meiner Pensionierung 40 Jahre als Lehrerin im staatlichen Schuldienst \u00a0gearbeitet. Seit Ende der 80er Jahre absolvierte ich viele verschiedene Seminare und Ausbildungen im psycho-spirituellen Bereich. Seit 1994 arbeite ich nebenberuflich\u00a0 mit Menschen in Einzelsitzungen und Kleingruppen. Au\u00dferdem habe ich durch sehr h\u00e4ufige Assistenz in verschiedenen Seminaren in &hellip; <\/p>\n<p class=\"link-more\"><a href=\"http:\/\/lebe-was-du-bist.dr-kunczik.de\/?page_id=82\" class=\"more-link\"><span class=\"screen-reader-text\">\u201e\u00dcber mich\u201c<\/span> weiterlesen<\/a><\/p>\n","protected":false},"author":1,"featured_media":0,"parent":0,"menu_order":0,"comment_status":"closed","ping_status":"closed","template":"","meta":{"footnotes":""},"_links":{"self":[{"href":"http:\/\/lebe-was-du-bist.dr-kunczik.de\/index.php?rest_route=\/wp\/v2\/pages\/82"}],"collection":[{"href":"http:\/\/lebe-was-du-bist.dr-kunczik.de\/index.php?rest_route=\/wp\/v2\/pages"}],"about":[{"href":"http:\/\/lebe-was-du-bist.dr-kunczik.de\/index.php?rest_route=\/wp\/v2\/types\/page"}],"author":[{"embeddable":true,"href":"http:\/\/lebe-was-du-bist.dr-kunczik.de\/index.php?rest_route=\/wp\/v2\/users\/1"}],"replies":[{"embeddable":true,"href":"http:\/\/lebe-was-du-bist.dr-kunczik.de\/index.php?rest_route=%2Fwp%2Fv2%2Fcomments&post=82"}],"version-history":[{"count":15,"href":"http:\/\/lebe-was-du-bist.dr-kunczik.de\/index.php?rest_route=\/wp\/v2\/pages\/82\/revisions"}],"predecessor-version":[{"id":532,"href":"http:\/\/lebe-was-du-bist.dr-kunczik.de\/index.php?rest_route=\/wp\/v2\/pages\/82\/revisions\/532"}],"wp:attachment":[{"href":"http:\/\/lebe-was-du-bist.dr-kunczik.de\/index.php?rest_route=%2Fwp%2Fv2%2Fmedia&parent=82"}],"curies":[{"name":"wp","href":"https:\/\/api.w.org\/{rel}","templated":true}]}}